{"id":7073,"date":"2023-07-07T20:22:58","date_gmt":"2023-07-07T19:22:58","guid":{"rendered":"https:\/\/arikae.com\/?post_type=product&#038;p=7073"},"modified":"2023-07-07T20:54:54","modified_gmt":"2023-07-07T19:54:54","slug":"saca-lombrices-y-parasitos-suplemento-60-capletas-1g","status":"publish","type":"product","link":"https:\/\/arikae.com\/index.php\/product\/saca-lombrices-y-parasitos-suplemento-60-capletas-1g\/","title":{"rendered":"Saca Lombrices y Par\u00e1sitos Suplemento 60 Capletas 1g."},"content":{"rendered":"<h1><strong>Saca Lombrices y Par\u00e1sitos Suplemento 60 Capletas 1g. Original de M\u00e9xico Desparasitante Amibas<\/strong><\/h1>\n<p>Siempre que pensamos en par\u00e1sitos, lo primero que nos viene a la mente es probablemente la lombriz solitaria. Sin embargo, hay muchos tipos diferentes de par\u00e1sitos que pueden vivir en nuestros est\u00f3magos, y pueden causar una variedad de problemas. Si tienes un par\u00e1sito en el est\u00f3mago, es probable que experimentes alg\u00fan tipo de malestar estomacal. Puedes sentir n\u00e1useas, vomitar o tener diarrea.<\/p>\n<p>Tambi\u00e9n puedes tener p\u00e9rdida de apetito, p\u00e9rdida de peso o dolor abdominal. En algunos casos, los par\u00e1sitos pueden causar problemas m\u00e1s graves, como obstrucciones intestinales, hemorragias o incluso la muerte. Existen muchos tratamiento tanto naturales como qu\u00edmicos que ayudan a eliminar estos molestos par\u00e1sitos. El consumo del suplemento Saca Lombrices mejora lo problemas digestivos y par\u00e1sitos intestinales.<\/p>\n<p><span class=\"a-list-item\">Si\u00e9ntete m\u00e1s saludable y refresco con nuestros Suplemento Saca Lombrices dise\u00f1ado especialmente para desparasitar con 100 tabletas de 1000MG cada uno. <\/span>Tratamiento completo para ayudar a eliminar problemas de lombrices, par\u00e1sitos y amibas.<\/p>\n<h2>Beneficios del suplemento Saca Lombrices:<\/h2>\n<ul>\n<li>Elimina lombrices.<\/li>\n<li>Ayuda a expulsar amibas y par\u00e1sitos.<\/li>\n<li>Combate los s\u00edntomas que provocan los par\u00e1sitos.<\/li>\n<li>Mejora la salud digestiva.<\/li>\n<\/ul>\n<h2>Ingredientes:<\/h2>\n<p>&nbsp;<\/p>\n<h2>Modo de uso<\/h2>\n<h3>V\u00eda oral:<\/h3>\n<p>Tomar 2 capletas 3 veces al d\u00eda acompa\u00f1ada de los alimentos.<\/p>\n<h2>Precauciones:<\/h2>\n<ul>\n<li>No ingerir este producto en caso de embarazo o lactancia.<\/li>\n<li>Es responsabilidad de quien lo consuma o lo recomienda.<\/li>\n<li>No est\u00e1 aprobado por la FDA.<\/li>\n<li>Los resultados pueden variar.<\/li>\n<\/ul>\n","protected":false},"excerpt":{"rendered":"<p>Tratamiento completo para ayudar a eliminar problemas de lombrices, parasitos y amibas.<\/p>\n","protected":false},"featured_media":7132,"comment_status":"closed","ping_status":"closed","template":"","meta":[],"product_cat":[90],"product_tag":[],"_links":{"self":[{"href":"https:\/\/arikae.com\/index.php\/wp-json\/wp\/v2\/product\/7073"}],"collection":[{"href":"https:\/\/arikae.com\/index.php\/wp-json\/wp\/v2\/product"}],"about":[{"href":"https:\/\/arikae.com\/index.php\/wp-json\/wp\/v2\/types\/product"}],"replies":[{"embeddable":true,"href":"https:\/\/arikae.com\/index.php\/wp-json\/wp\/v2\/comments?post=7073"}],"wp:featuredmedia":[{"embeddable":true,"href":"https:\/\/arikae.com\/index.php\/wp-json\/wp\/v2\/media\/7132"}],"wp:attachment":[{"href":"https:\/\/arikae.com\/index.php\/wp-json\/wp\/v2\/media?parent=7073"}],"wp:term":[{"taxonomy":"product_cat","embeddable":true,"href":"https:\/\/arikae.com\/index.php\/wp-json\/wp\/v2\/product_cat?post=7073"},{"taxonomy":"product_tag","embeddable":true,"href":"https:\/\/arikae.com\/index.php\/wp-json\/wp\/v2\/product_tag?post=7073"}],"curies":[{"name":"wp","href":"https:\/\/api.w.org\/{rel}","templated":true}]}}