{"id":7098,"date":"2023-07-07T20:23:20","date_gmt":"2023-07-07T19:23:20","guid":{"rendered":"https:\/\/arikae.com\/?post_type=product&#038;p=7098"},"modified":"2023-07-08T20:54:38","modified_gmt":"2023-07-08T19:54:38","slug":"clorofila-suplemento-60-caplets-1g","status":"publish","type":"product","link":"https:\/\/arikae.com\/index.php\/product\/clorofila-suplemento-60-caplets-1g\/","title":{"rendered":"Clorofila Suplemento 60 Caplets 1g."},"content":{"rendered":"<div>\n<div class=\"vim x-item-title\" data-testid=\"x-item-title\">\n<h1 class=\"x-item-title__mainTitle\"><strong><span class=\"ux-textspans ux-textspans--BOLD\">Clorofila Suplemento 60 Caplets 1g.\u00a0 Premium Oxigena, Depura y Desintoxica los \u00d3rganos<\/span><\/strong><\/h1>\n<p>La clorofila es un pigmento verde que se encuentra en las plantas. Es esencial para la fotos\u00edntesis, que ayuda a las plantas a convertir la luz solar en energ\u00eda. La clorofila tambi\u00e9n se encuentra en alimentos verdes como las verduras de hoja, la hierba de trigo y la espirulina. El consumo de clorofila tiene muchos beneficios.<\/p>\n<p>Se ha demostrado que la clorofila mejora la salud intestinal, reduce la inflamaci\u00f3n y refuerza el sistema inmunitario. La clorofila tambi\u00e9n es un excelente desintoxicante que ayuda a eliminar las toxinas y los metales pesados del cuerpo. Adem\u00e1s de sus muchos beneficios para la salud, la clorofila es tambi\u00e9n una gran ayuda para la belleza. La clorofila puede ayudar a eliminar el acn\u00e9, reducir las arrugas y dar a la piel un brillo saludable.<\/p>\n<p><strong>As\u00ed que, si est\u00e1s buscando una forma natural de mejorar tu salud y belleza, nuestro suplemento de Clorofila es tu mejor opci\u00f3n<\/strong><\/p>\n<\/div>\n<\/div>\n<div class=\"\">\n<h2 class=\"p1\"><strong>Beneficios del Suplemento<\/strong><\/h2>\n<ul class=\"ul1\">\n<li class=\"li1\">Estimula el sistema inmunitario.<\/li>\n<li class=\"li1\">Elimina el hongo del cuerpo.<\/li>\n<li class=\"li1\">Desintoxicar tu sangre.<\/li>\n<li class=\"li1\">Limpia tus intestinos.<\/li>\n<li class=\"li1\">Deshace de los malos olores.<\/li>\n<li class=\"li1\">Energizar el cuerpo.<\/li>\n<\/ul>\n<\/div>\n<h2>Ingredientes:<\/h2>\n<ul>\n<li>Clorofila 100%<\/li>\n<\/ul>\n<h2>Modo de uso<\/h2>\n<h3>V\u00eda oral:<\/h3>\n<p>Tomar 2 capletas 3 veces al d\u00eda acompa\u00f1ada de los alimentos.<\/p>\n<div class=\"\">\n<h2>Precauciones:<\/h2>\n<ul>\n<li>No ingerir este producto en caso de embarazo o lactancia.<\/li>\n<li>Es responsabilidad de quien lo consuma o lo recomienda.<\/li>\n<li>No est\u00e1 aprobado por la FDA.<\/li>\n<li>Los resultados pueden variar.<\/li>\n<\/ul>\n<\/div>\n","protected":false},"excerpt":{"rendered":"<p>Clorofila Suplemento 60 Caplets 1g.\u00a0 Premium Oxigena, Depura y Desintoxica los \u00d3rganos La clorofila es un pigmento verde que se encuentra en las plantas. Es esencial para la fotos\u00edntesis, que ayuda a las plantas a convertir la luz solar en energ\u00eda. La clorofila tambi\u00e9n se encuentra en alimentos verdes como las verduras de hoja, la &hellip; <br \/><a href=\"https:\/\/arikae.com\/index.php\/product\/clorofila-suplemento-60-caplets-1g\/\" class=\"more-link\">Continue reading <span class=\"screen-reader-text\">Clorofila Suplemento 60 Caplets 1g.<\/span><\/a><\/p>\n","protected":false},"featured_media":7170,"comment_status":"closed","ping_status":"closed","template":"","meta":[],"product_cat":[90],"product_tag":[],"_links":{"self":[{"href":"https:\/\/arikae.com\/index.php\/wp-json\/wp\/v2\/product\/7098"}],"collection":[{"href":"https:\/\/arikae.com\/index.php\/wp-json\/wp\/v2\/product"}],"about":[{"href":"https:\/\/arikae.com\/index.php\/wp-json\/wp\/v2\/types\/product"}],"replies":[{"embeddable":true,"href":"https:\/\/arikae.com\/index.php\/wp-json\/wp\/v2\/comments?post=7098"}],"wp:featuredmedia":[{"embeddable":true,"href":"https:\/\/arikae.com\/index.php\/wp-json\/wp\/v2\/media\/7170"}],"wp:attachment":[{"href":"https:\/\/arikae.com\/index.php\/wp-json\/wp\/v2\/media?parent=7098"}],"wp:term":[{"taxonomy":"product_cat","embeddable":true,"href":"https:\/\/arikae.com\/index.php\/wp-json\/wp\/v2\/product_cat?post=7098"},{"taxonomy":"product_tag","embeddable":true,"href":"https:\/\/arikae.com\/index.php\/wp-json\/wp\/v2\/product_tag?post=7098"}],"curies":[{"name":"wp","href":"https:\/\/api.w.org\/{rel}","templated":true}]}}