{"id":7099,"date":"2023-07-07T20:23:20","date_gmt":"2023-07-07T19:23:20","guid":{"rendered":"https:\/\/arikae.com\/?post_type=product&#038;p=7099"},"modified":"2023-07-08T20:55:22","modified_gmt":"2023-07-08T19:55:22","slug":"sinusitis-suplemento-60-caplets-1g","status":"publish","type":"product","link":"https:\/\/arikae.com\/index.php\/product\/sinusitis-suplemento-60-caplets-1g\/","title":{"rendered":"Sinusitis Suplemento 60 Caplets 1g."},"content":{"rendered":"<div class=\"vim x-item-title\" data-testid=\"x-item-title\">\n<div>\n<div class=\"vim x-item-title\" data-testid=\"x-item-title\">\n<h1 class=\"x-item-title__mainTitle\"><strong>Sinusitis Suplemento 60 Caplets 1g. Bienestar Respiratorio Reforzado con Equin\u00e1cea y Gordolobo<\/strong><\/h1>\n<p>La sinusitis es una inflamaci\u00f3n de los senos paranasales, que son las cavidades huecas de los huesos faciales que rodean la nariz. Es una enfermedad com\u00fan, que afecta a unos 37 millones de personas en Estados Unidos cada a\u00f1o. Existen varios tipos de sinusitis, pero la m\u00e1s com\u00fan es la sinusitis aguda, que es una inflamaci\u00f3n de corta duraci\u00f3n de los senos paranasales.<\/p>\n<p>La sinusitis aguda suele estar causada por una infecci\u00f3n v\u00edrica, como el resfriado com\u00fan, y suele durar dos semanas o menos. Sin embargo, algunas personas pueden desarrollar una forma m\u00e1s grave de sinusitis, conocida como sinusitis cr\u00f3nica. La sinusitis cr\u00f3nica se define como una inflamaci\u00f3n de los senos paranasales que dura 12 semanas o m\u00e1s<\/p>\n<p>Si cree que puede estar sufriendo una sinusitis, es importante comenzar a tratar este problema, una de las mejores formas de ayudar a nuestro cuerpo ante estos problemas son los productos naturales es por recomendamos consumir nuestro suplemento herbal sinusitis que ayuda a combatir los s\u00edntomas que presenta o simplemente para evitar que ocurra.<\/p>\n<\/div>\n<h2>Beneficios del suplemento sinusitis:<\/h2>\n<\/div>\n<div class=\"\">\n<ul>\n<li>Estimula el buen funcionamiento del sistema inmunol\u00f3gico del cuerpo.<\/li>\n<li>Alivia los s\u00edntomas de la sinusitis.<\/li>\n<li>Promueve fosas nasales y senos paranasales saludables.<\/li>\n<\/ul>\n<h2>Ingredientes:<\/h2>\n<ul>\n<li>Equinacea.<\/li>\n<li>Vitamina C.<\/li>\n<li>Poleo.<\/li>\n<li>Gordolobo.<\/li>\n<li>Diente de le\u00f3n.<\/li>\n<li>Menta.<\/li>\n<li>Esterato de magnesio.<\/li>\n<li>Celulosa microcristalizada.<\/li>\n<\/ul>\n<h2><b>V\u00eda de Administraci\u00f3n: <\/b><\/h2>\n<h3>Oral<\/h3>\n<p><b>Modo de uso: <\/b>Tomar 2-3 capletas al d\u00eda acompa\u00f1adas con los alimentos.<\/p>\n<h2>Precauciones:<\/h2>\n<ul>\n<li>No ingerir este producto en caso de embarazo o lactancia.<\/li>\n<li>Es responsabilidad de quien lo consuma o lo recomienda.<\/li>\n<li>No est\u00e1 aprobado por la FDA.<\/li>\n<li>Los resultados pueden variar.<\/li>\n<\/ul>\n<\/div>\n<\/div>\n","protected":false},"excerpt":{"rendered":"<p>Este potente suplemento est\u00e1 hecho con una mezcla de hierbas y minerales que se han utilizado para ayudar a tratar el asma durante siglos. Nuestro suplemento herbal puede ayudar a mejorar tu respiraci\u00f3n, reducir la inflamaci\u00f3n y abrir tus v\u00edas respiratorias. Con un uso regular, \u00a1puedes empezar a sentirte de nuevo como t\u00fa mismo!<\/p>\n","protected":false},"featured_media":7172,"comment_status":"open","ping_status":"closed","template":"","meta":[],"product_cat":[90],"product_tag":[],"_links":{"self":[{"href":"https:\/\/arikae.com\/index.php\/wp-json\/wp\/v2\/product\/7099"}],"collection":[{"href":"https:\/\/arikae.com\/index.php\/wp-json\/wp\/v2\/product"}],"about":[{"href":"https:\/\/arikae.com\/index.php\/wp-json\/wp\/v2\/types\/product"}],"replies":[{"embeddable":true,"href":"https:\/\/arikae.com\/index.php\/wp-json\/wp\/v2\/comments?post=7099"}],"wp:featuredmedia":[{"embeddable":true,"href":"https:\/\/arikae.com\/index.php\/wp-json\/wp\/v2\/media\/7172"}],"wp:attachment":[{"href":"https:\/\/arikae.com\/index.php\/wp-json\/wp\/v2\/media?parent=7099"}],"wp:term":[{"taxonomy":"product_cat","embeddable":true,"href":"https:\/\/arikae.com\/index.php\/wp-json\/wp\/v2\/product_cat?post=7099"},{"taxonomy":"product_tag","embeddable":true,"href":"https:\/\/arikae.com\/index.php\/wp-json\/wp\/v2\/product_tag?post=7099"}],"curies":[{"name":"wp","href":"https:\/\/api.w.org\/{rel}","templated":true}]}}