{"id":7100,"date":"2023-07-07T20:23:21","date_gmt":"2023-07-07T19:23:21","guid":{"rendered":"https:\/\/arikae.com\/?post_type=product&#038;p=7100"},"modified":"2025-06-23T04:46:57","modified_gmt":"2025-06-23T03:46:57","slug":"quita-hongos-suplemento-60-caplets-1g","status":"publish","type":"product","link":"https:\/\/arikae.com\/index.php\/product\/quita-hongos-suplemento-60-caplets-1g\/","title":{"rendered":"Quita Hongos Suplemento 60 Caplets 1g."},"content":{"rendered":"<div class=\"vim x-item-title\" data-testid=\"x-item-title\">\n<div>\n<div class=\"vim x-item-title\" data-testid=\"x-item-title\">\n<h1 class=\"x-item-title__mainTitle\"><strong>Quita Hongos Suplemento 60 Caplets 1g. Combate los Hongos en las U\u00f1as de los Pies, Mejora la Apariencia de tus U\u00f1as<\/strong><\/h1>\n<\/div>\n<p>Los hongos en las u\u00f1as son un problema com\u00fan que puede ser dif\u00edcil de tratar. Los hongos que causan los hongos en las u\u00f1as son los mismos que causan el pie de atleta y otros tipos de infecciones f\u00fangicas, en las u\u00f1as pueden hacer que \u00e9stas se vuelvan gruesas, amarillas o quebradizas. Tambi\u00e9n puede hacer que las u\u00f1as se separen del lecho ungueal.<\/p>\n<p>Los hongos en las u\u00f1as son m\u00e1s comunes en personas que tienen diabetes, psoriasis o un sistema inmunitario debilitado, es m\u00e1s frecuente en personas a las que les sudan los pies o que llevan zapatos muy ajustados, son m\u00e1s frecuentes en las u\u00f1as de los pies que en las de las manos. Existen medicamentos que pueden ayuda al tratamiento de los hongos cut\u00e1neos, sin embargo, pueden causar efectos secundarios, como n\u00e1useas, v\u00f3mitos, diarrea y dolor abdominal.<\/p>\n<p>Nuestro suplemento herbal Quita Hongos esta elaborado con ingredientes naturales que se encargan de atacar los hongos desde adentro, si deseas ver tus u\u00f1as sanas y lisas, definitivamente debes incluir nuestro suplemento premium en tu dieta.<\/p>\n<h2>Beneficios del suplemento quita hongos:<\/h2>\n<\/div>\n<div class=\"\">\n<ul>\n<li>Ayuda a combatir los hongos en las u\u00f1as.<\/li>\n<li>Ayuda a prevenir la formaci\u00f3n de hongos en las u\u00f1as.<\/li>\n<li>Mejora la salud de las u\u00f1as.<\/li>\n<li>U\u00f1as naturales y sanas.<\/li>\n<li>Suplemento natural.<\/li>\n<\/ul>\n<h2>Ingredientes:<\/h2>\n<ul>\n<li>S\u00e1bila.<\/li>\n<li>Golondrina.<\/li>\n<li>Diente de leon.<\/li>\n<li>Gobernadora.<\/li>\n<li>Cola de caballo.<\/li>\n<li>Moringa.<\/li>\n<li>Esterato de magensio.<\/li>\n<li>Celuluosa microcistalizada.<\/li>\n<li>PVP.<\/li>\n<\/ul>\n<h2><b>V\u00eda de Administraci\u00f3n: <\/b><\/h2>\n<h3>Oral<\/h3>\n<p><b>Modo de uso: <\/b>Tomar 2-3 capletas al d\u00eda acompa\u00f1adas con los alimentos.<\/p>\n<h2>Precauciones:<\/h2>\n<ul>\n<li>No ingerir este producto en caso de embarazo o lactancia.<\/li>\n<li>Es responsabilidad de quien lo consuma o lo recomienda.<\/li>\n<li>No est\u00e1 aprobado por la FDA.<\/li>\n<li>Los resultados pueden variar.<\/li>\n<\/ul>\n<\/div>\n<\/div>\n","protected":false},"excerpt":{"rendered":"<p>Este potente suplemento est\u00e1 hecho con una mezcla de hierbas y minerales que se han utilizado para ayudar a tratar el asma durante siglos. Nuestro suplemento herbal puede ayudar a mejorar tu respiraci\u00f3n, reducir la inflamaci\u00f3n y abrir tus v\u00edas respiratorias. Con un uso regular, \u00a1puedes empezar a sentirte de nuevo como t\u00fa mismo!<\/p>\n","protected":false},"featured_media":7174,"comment_status":"open","ping_status":"closed","template":"","meta":[],"product_cat":[90],"product_tag":[],"_links":{"self":[{"href":"https:\/\/arikae.com\/index.php\/wp-json\/wp\/v2\/product\/7100"}],"collection":[{"href":"https:\/\/arikae.com\/index.php\/wp-json\/wp\/v2\/product"}],"about":[{"href":"https:\/\/arikae.com\/index.php\/wp-json\/wp\/v2\/types\/product"}],"replies":[{"embeddable":true,"href":"https:\/\/arikae.com\/index.php\/wp-json\/wp\/v2\/comments?post=7100"}],"wp:featuredmedia":[{"embeddable":true,"href":"https:\/\/arikae.com\/index.php\/wp-json\/wp\/v2\/media\/7174"}],"wp:attachment":[{"href":"https:\/\/arikae.com\/index.php\/wp-json\/wp\/v2\/media?parent=7100"}],"wp:term":[{"taxonomy":"product_cat","embeddable":true,"href":"https:\/\/arikae.com\/index.php\/wp-json\/wp\/v2\/product_cat?post=7100"},{"taxonomy":"product_tag","embeddable":true,"href":"https:\/\/arikae.com\/index.php\/wp-json\/wp\/v2\/product_tag?post=7100"}],"curies":[{"name":"wp","href":"https:\/\/api.w.org\/{rel}","templated":true}]}}