{"id":7121,"date":"2023-07-07T20:23:42","date_gmt":"2023-07-07T19:23:42","guid":{"rendered":"https:\/\/arikae.com\/?post_type=product&#038;p=7121"},"modified":"2026-05-04T10:07:29","modified_gmt":"2026-05-04T09:07:29","slug":"biotin-mujer-suplemento-natural-60-tabs-salud-para-el-cabello-unas-y-la-piel","status":"publish","type":"product","link":"https:\/\/arikae.com\/index.php\/product\/biotin-mujer-suplemento-natural-60-tabs-salud-para-el-cabello-unas-y-la-piel\/","title":{"rendered":"Biotin Mujer Suplemento Natural 60 Tabs. 1g. Salud para el Cabello, U\u00f1as y la Piel"},"content":{"rendered":"<h1><strong>Biotin Mujer Suplemento Natural 60 Capletas 1g. Natural de Mexico Salud para el Cabello, U\u00f1as y la Piel<\/strong><\/h1>\n<p>Biotin Mujer de Natural de Mexico es un suplemento natural dise\u00f1ado espec\u00edficamente para el bienestar y la salud capilar de las mujeres. Cada frasco contiene 60 capletas de 1 gramo, formuladas con ingredientes cuidadosamente seleccionados para proporcionar los beneficios de la biotina, tambi\u00e9n conocida como vitamina B7.<\/p>\n<p>La biotina es conocida por su papel crucial en el mantenimiento de un cabello saludable, fortaleciendo y promoviendo su crecimiento. Adem\u00e1s, este suplemento tambi\u00e9n puede contribuir al fortalecimiento de las u\u00f1as y mejorar la apariencia general de la piel.<\/p>\n<p>Biotin Mujer de Natural de Mexico es parte de nuestra l\u00ednea premium, lo que garantiza su calidad y eficacia. Nuestro suplemento est\u00e1 formulado con ingredientes naturales y no contiene aditivos artificiales ni sustancias da\u00f1inas.<\/p>\n<p>A\u00f1ade Biotin Mujer a tu rutina diaria y disfruta de los beneficios de una apariencia capilar saludable y radiante. \u00a1Siente la confianza de lucir un cabello hermoso y unas u\u00f1as fuertes con Biotin Mujer de Natural de Mexico!<\/p>\n<h3 style=\"font-weight: 400;\"><strong style=\"margin: 0px; padding: 0px; font-weight: bold;\">Ingredientes<\/strong><\/h3>\n<ul>\n<li style=\"margin: 0px; padding: 0px;\">Biotina (Vitamina H, B7, B8)<\/li>\n<li style=\"margin: 0px; padding: 0px;\">\u00c1cido Hialur\u00f3nico<\/li>\n<li style=\"margin: 0px; padding: 0px;\">Col\u00e1geno<\/li>\n<li style=\"margin: 0px; padding: 0px;\">Vitamina C<\/li>\n<li style=\"margin: 0px; padding: 0px;\">Vitamina D<\/li>\n<li style=\"margin: 0px; padding: 0px;\">Zinc<\/li>\n<li style=\"margin: 0px; padding: 0px;\">L-Cistina<\/li>\n<li style=\"margin: 0px; padding: 0px;\">Vitamina B5<\/li>\n<li style=\"margin: 0px; padding: 0px;\">Extracto de Mijo<\/li>\n<li style=\"margin: 0px; padding: 0px;\">Moringa<\/li>\n<li style=\"margin: 0px; padding: 0px;\">Vitamina E<\/li>\n<li style=\"margin: 0px; padding: 0px;\">L-Carnosina<\/li>\n<li style=\"margin: 0px; padding: 0px;\">Extracto Estandarizado de Rhamanose<\/li>\n<li style=\"margin: 0px; padding: 0px;\">C\u00farcuma<\/li>\n<\/ul>\n<h4 style=\"margin: 24px 0px 12px; padding: 0px; font-weight: var(--main_fw_h); font-family: var(--main_ff_h); line-height: var(--main_lh_h); font-size: var(--mob_h4); font-style: normal; letter-spacing: normal; text-align: start; text-indent: 0px; text-transform: none; text-decoration: none;\"><strong style=\"margin: 0px; padding: 0px; font-weight: bold;\">Modo de uso<\/strong><\/h4>\n<p>Tomar 2-3 tabletas al<span style=\"margin: 0px; padding: 0px; font-size: 1em;\">\u00a0<\/span>d\u00eda, acompa\u00f1adas con los alimentos.<\/p>\n","protected":false},"excerpt":{"rendered":"<p>Biotin Mujer Suplemento Natural 60 Capletas 1g. Natural de Mexico Salud para el Cabello, U\u00f1as y la Piel Biotin Mujer de Natural de Mexico es un suplemento natural dise\u00f1ado espec\u00edficamente para el bienestar y la salud capilar de las mujeres. Cada frasco contiene 60 capletas de 1 gramo, formuladas con ingredientes cuidadosamente seleccionados para proporcionar &hellip; <br \/><a href=\"https:\/\/arikae.com\/index.php\/product\/biotin-mujer-suplemento-natural-60-tabs-salud-para-el-cabello-unas-y-la-piel\/\" class=\"more-link\">Continue reading <span class=\"screen-reader-text\">Biotin Mujer Suplemento Natural 60 Tabs. 1g. Salud para el Cabello, U\u00f1as y la Piel<\/span><\/a><\/p>\n","protected":false},"featured_media":7298,"comment_status":"open","ping_status":"closed","template":"","meta":[],"product_cat":[90],"product_tag":[],"_links":{"self":[{"href":"https:\/\/arikae.com\/index.php\/wp-json\/wp\/v2\/product\/7121"}],"collection":[{"href":"https:\/\/arikae.com\/index.php\/wp-json\/wp\/v2\/product"}],"about":[{"href":"https:\/\/arikae.com\/index.php\/wp-json\/wp\/v2\/types\/product"}],"replies":[{"embeddable":true,"href":"https:\/\/arikae.com\/index.php\/wp-json\/wp\/v2\/comments?post=7121"}],"wp:featuredmedia":[{"embeddable":true,"href":"https:\/\/arikae.com\/index.php\/wp-json\/wp\/v2\/media\/7298"}],"wp:attachment":[{"href":"https:\/\/arikae.com\/index.php\/wp-json\/wp\/v2\/media?parent=7121"}],"wp:term":[{"taxonomy":"product_cat","embeddable":true,"href":"https:\/\/arikae.com\/index.php\/wp-json\/wp\/v2\/product_cat?post=7121"},{"taxonomy":"product_tag","embeddable":true,"href":"https:\/\/arikae.com\/index.php\/wp-json\/wp\/v2\/product_tag?post=7121"}],"curies":[{"name":"wp","href":"https:\/\/api.w.org\/{rel}","templated":true}]}}