{"id":7479,"date":"2023-10-18T17:31:14","date_gmt":"2023-10-18T16:31:14","guid":{"rendered":"https:\/\/arikae.com\/?post_type=product&#038;p=7479"},"modified":"2023-10-18T17:31:14","modified_gmt":"2023-10-18T16:31:14","slug":"ashwagandha-capsula","status":"publish","type":"product","link":"https:\/\/arikae.com\/index.php\/product\/ashwagandha-capsula\/","title":{"rendered":"Ashwagandha &#8211; C\u00e1psula"},"content":{"rendered":"<h1><strong>Ashwagandha<\/strong><\/h1>\n<h2>\u00datil para mejorar la memoria y la concentraci\u00f3n, as\u00ed c\u00f3mo para tratar la inflamaci\u00f3n y el dolor muscular y articular.<\/h2>\n","protected":false},"excerpt":{"rendered":"<p>Ashwagandha \u00datil para mejorar la memoria y la concentraci\u00f3n, as\u00ed c\u00f3mo para tratar la inflamaci\u00f3n y el dolor muscular y articular.<\/p>\n","protected":false},"featured_media":7480,"comment_status":"open","ping_status":"closed","template":"","meta":[],"product_cat":[108],"product_tag":[187,189,190,126,188],"_links":{"self":[{"href":"https:\/\/arikae.com\/index.php\/wp-json\/wp\/v2\/product\/7479"}],"collection":[{"href":"https:\/\/arikae.com\/index.php\/wp-json\/wp\/v2\/product"}],"about":[{"href":"https:\/\/arikae.com\/index.php\/wp-json\/wp\/v2\/types\/product"}],"replies":[{"embeddable":true,"href":"https:\/\/arikae.com\/index.php\/wp-json\/wp\/v2\/comments?post=7479"}],"wp:featuredmedia":[{"embeddable":true,"href":"https:\/\/arikae.com\/index.php\/wp-json\/wp\/v2\/media\/7480"}],"wp:attachment":[{"href":"https:\/\/arikae.com\/index.php\/wp-json\/wp\/v2\/media?parent=7479"}],"wp:term":[{"taxonomy":"product_cat","embeddable":true,"href":"https:\/\/arikae.com\/index.php\/wp-json\/wp\/v2\/product_cat?post=7479"},{"taxonomy":"product_tag","embeddable":true,"href":"https:\/\/arikae.com\/index.php\/wp-json\/wp\/v2\/product_tag?post=7479"}],"curies":[{"name":"wp","href":"https:\/\/api.w.org\/{rel}","templated":true}]}}