{"id":7540,"date":"2023-10-24T00:54:57","date_gmt":"2023-10-23T23:54:57","guid":{"rendered":"https:\/\/arikae.com\/?post_type=product&#038;p=7540"},"modified":"2025-06-23T04:27:53","modified_gmt":"2025-06-23T03:27:53","slug":"eucalipto-aceite-virgen","status":"publish","type":"product","link":"https:\/\/arikae.com\/index.php\/product\/eucalipto-aceite-virgen\/","title":{"rendered":"Eucalipto Aceite Virgen"},"content":{"rendered":"<h1><strong>Eucalipto Aceite Virgen &#8211; Reforzado con Cipr\u00e9s.<\/strong><\/h1>\n<h2>Este producto ayuda a eliminar las mucosidades y limpia las v\u00edas respiratorias para permitir un pasaje de aire limpio y permanente. Acci\u00f3n efectiva en el tratamiento de los s\u00edntomas del resfriado.<\/h2>\n<p>&nbsp;<\/p>\n","protected":false},"excerpt":{"rendered":"<h1><strong>Eucalipto Aceite Virgen &#8211; Reforzado con Cipr\u00e9s.<\/strong><\/h1>\n<h2>Ayuda a eliminar las mucosidades y limpia las v\u00edas respiratorias para permitir un pasaje de aire limpio y permanente. Acci\u00f3n efectiva en el tratamiento de los s\u00edntomas del resfriado.<\/h2>\n<p>&nbsp;<\/p>\n","protected":false},"featured_media":7541,"comment_status":"open","ping_status":"closed","template":"","meta":[],"product_cat":[94,238],"product_tag":[248,253,250,254,247,251,249,257,252,256,255],"_links":{"self":[{"href":"https:\/\/arikae.com\/index.php\/wp-json\/wp\/v2\/product\/7540"}],"collection":[{"href":"https:\/\/arikae.com\/index.php\/wp-json\/wp\/v2\/product"}],"about":[{"href":"https:\/\/arikae.com\/index.php\/wp-json\/wp\/v2\/types\/product"}],"replies":[{"embeddable":true,"href":"https:\/\/arikae.com\/index.php\/wp-json\/wp\/v2\/comments?post=7540"}],"wp:featuredmedia":[{"embeddable":true,"href":"https:\/\/arikae.com\/index.php\/wp-json\/wp\/v2\/media\/7541"}],"wp:attachment":[{"href":"https:\/\/arikae.com\/index.php\/wp-json\/wp\/v2\/media?parent=7540"}],"wp:term":[{"taxonomy":"product_cat","embeddable":true,"href":"https:\/\/arikae.com\/index.php\/wp-json\/wp\/v2\/product_cat?post=7540"},{"taxonomy":"product_tag","embeddable":true,"href":"https:\/\/arikae.com\/index.php\/wp-json\/wp\/v2\/product_tag?post=7540"}],"curies":[{"name":"wp","href":"https:\/\/api.w.org\/{rel}","templated":true}]}}