{"id":7575,"date":"2023-10-31T19:24:17","date_gmt":"2023-10-31T19:24:17","guid":{"rendered":"https:\/\/arikae.com\/?post_type=product&#038;p=7575"},"modified":"2025-06-23T04:14:24","modified_gmt":"2025-06-23T03:14:24","slug":"aceite-de-zorrillo-skunk-aceite-para-el-dolor","status":"publish","type":"product","link":"https:\/\/arikae.com\/index.php\/product\/aceite-de-zorrillo-skunk-aceite-para-el-dolor\/","title":{"rendered":"Aceite de Zorrillo (Skunk) &#8211; Aceite para el dolor"},"content":{"rendered":"<h1><strong>Aceite de Zorrillo (Skunk) &#8211; Aceite para el dolor.<\/strong><\/h1>\n<h2>Para todo tipo de alergias y enfermedades del sistema respiratorio c\u00f3mo: tos seca, tos con flema, bronquitis, alergia asm\u00e1tica, sinusitis, asma bronquial y resfriado com\u00fan.<\/h2>\n","protected":false},"excerpt":{"rendered":"<h1><strong>Aceite de Zorrillo &#8211; Aceite para el dolor.<\/strong><\/h1>\n<h2>Para todo tipo de alergias y enfermedades del sistema respiratorio c\u00f3mo: tos seca, tos con flema, bronquitis, alergia asm\u00e1tica, sinusitis, asma bronquial y resfriado com\u00fan.<\/h2>\n","protected":false},"featured_media":7576,"comment_status":"open","ping_status":"closed","template":"","meta":[],"product_cat":[300,94],"product_tag":[239,302,308,307,305,257,304,306,303,301],"_links":{"self":[{"href":"https:\/\/arikae.com\/index.php\/wp-json\/wp\/v2\/product\/7575"}],"collection":[{"href":"https:\/\/arikae.com\/index.php\/wp-json\/wp\/v2\/product"}],"about":[{"href":"https:\/\/arikae.com\/index.php\/wp-json\/wp\/v2\/types\/product"}],"replies":[{"embeddable":true,"href":"https:\/\/arikae.com\/index.php\/wp-json\/wp\/v2\/comments?post=7575"}],"wp:featuredmedia":[{"embeddable":true,"href":"https:\/\/arikae.com\/index.php\/wp-json\/wp\/v2\/media\/7576"}],"wp:attachment":[{"href":"https:\/\/arikae.com\/index.php\/wp-json\/wp\/v2\/media?parent=7575"}],"wp:term":[{"taxonomy":"product_cat","embeddable":true,"href":"https:\/\/arikae.com\/index.php\/wp-json\/wp\/v2\/product_cat?post=7575"},{"taxonomy":"product_tag","embeddable":true,"href":"https:\/\/arikae.com\/index.php\/wp-json\/wp\/v2\/product_tag?post=7575"}],"curies":[{"name":"wp","href":"https:\/\/api.w.org\/{rel}","templated":true}]}}